 1109. Let f(j) = j**3 + 20*j**2 - j - 29. What is f(x)?
-9
Let s(h) = 15*h + 2. Suppose -23*i - 30 = -8*i. What is s(i)?
-28
Let a(n) = 4*n**2 + n + 1. Let o(z) = 3*z**2 + z. Let s(u) = 2*a(u) - 3*o(u). Let l be (0/(-2))/(-5) - 0. Let i be (2 - 2)/2 + l. Give s(i).
2
Let m(d) = -1 + 7*d**2 - 17*d**2 + 9*d**2 + 4. What is m(2)?
-1
Let g(y) = -y**2 + 12. Let n = -634 + 634. Give g(n).
12
Let q(o) = -13*o**2 + 5*o + 9. Let k(w) = -17*w**2 + 5*w + 9. Let b(l) = 3*k(l) - 4*q(l). Give b(-4).
27
Let h(w) = 6*w + 89 - 244 + 83 + 80. What is h(6)?
44
Let n(x) = x**2 - 5*x - 2. Suppose 2*j - 6*j + 64 = 0. Let g(z) = z**2 + 5*z - 2. Let t be g(-7). Let b be 8/t - j/(-3). Give n(b).
4
Let h(r) = -r**3 + r**2 + r - 3. Let b be h(-2). Let q(y) = b - y**2 + 2*y - 2 + 3. Suppose -2*m + 3*i + 5 = -7, -2*m = 4*i - 12. What is q(m)?
-16
Let i(y) = y. Let t(b) = -2*b + 1. Let d(v) = -6*i(v) - t(v). Suppose 2*w = -3*w + 20. Calculate d(w).
-17
Let n(p) = -17*p + 10. Let g(x) = -38*x + 20. Let o(l) = -4*g(l) + 9*n(l). Let h(s) = 3*s - 2. Let f be h(3). Give o(f).
3
Let l(u) = -4*u - 11. Let k(w) = w**3 + 18*w**2 - 64*w - 25. Let z be k(-21). Give l(z).
5
Let j(b) = 12*b - 4. Let y(s) = s. Let z = 16 - 15. Let t(u) = z*j(u) - 10*y(u). Calculate t(4).
4
Let x be (-37)/(-7) + (-8)/28. Let c(y) = -y**3 - y**2 + 327. Let j be c(0). Let b(a) = -a**2 - 327 + j + 4*a. Calculate b(x).
-5
Let l(k) be the third derivative of -k**8/6720 - k**7/5040 + k**6/720 + k**5/10 - 49*k**2. Let z(o) be the third derivative of l(o). Determine z(1).
-3
Let j(a) = a**2 - 8*a + 4. Let b = 28 + -10. Suppose 20*i - b = 17*i. Give j(i).
-8
Let o(x) = -13*x**2 + 5*x**2 - 4 + 2*x + 0*x + 7*x**2. Calculate o(-4).
-28
Suppose -d + 4*n = -5*d, 3*d = -n. Let h(o) = -4 - 2*o + d*o + 7. Give h(-4).
11
Let t(h) = h**3 + 15*h**2 + 12*h - 6. Suppose -5*v - 128 = -58. What is t(v)?
22
Let a(p) = -77*p + 70*p + p**3 + 12*p + 1 - 13*p**2. Determine a(13).
66
Let q(m) = m**2 - 2*m - 1. Let r = 1179 + -1182. Calculate q(r).
14
Let k(p) = -5*p**2 + 5 + 9 + 6*p**2 - 16. Let j be k(-2). Let w(x) = x**2 - 6 - 5*x + 0*x**j + 9*x. Give w(-5).
-1
Let g(u) = -u**2 - 4 + u**2 - u**2 - 7*u. Let f(m) = m**3 + 5*m**2 - 7*m - 5. Let l be f(-5). Let s be ((4/(-3))/(-2))/((-4)/l). Determine g(s).
6
Let a(b) be the second derivative of b**3/6 - b**2 + 741*b. What is a(9)?
7
Let z be 6 + 192/(-33) + 229/11. Suppose -z*w - 10 = -26*w. Let n(a) = 4*a + 2. Determine n(w).
10
Let c(k) = 2*k + 3. Let h(n) = 5*n + 6. Let o(r) = 9*c(r) - 4*h(r). Let g = -18 + 24. Give o(g).
-9
Let w(x) = -x**3 - 6*x**2 + 6*x - 10. Let s = 27 + 17. Let y be s/(-6 + 2) - (-1 - 3). What is w(y)?
-3
Let g(r) = -r**3 - 9 + 0*r**2 + 11 + 2*r + 2*r**2 - 3*r**3 + 13*r**3. What is g(-2)?
-66
Let h(w) = 4*w**2 - 7*w - 5 - 6 - 3*w**2 + 4. Give h(9).
11
Let w = 10 + -7. Let b(y) = 1. Let i(g) = g - 10. Let l(z) = w*i(z) + 24*b(z). Let h(s) = -3*s - 8. Let j be h(-4). What is l(j)?
6
Suppose 2*a - 2 = a. Suppose 5*q - a*v = 19, 2*q - 5*v - 12 = -2*v. Let s(c) = -2 - c + 3 + c**2 - c. Determine s(q).
4
Let x(k) be the third derivative of k**7/2520 + k**6/360 + 7*k**5/20 - 15*k**2. Let l(i) be the third derivative of x(i). Let u be -4*(-2)/10*5. Give l(u).
10
Let a = -32 + 17. Let c = a - -3. Let w be 5*7/(70/c). Let f(u) = -u**2 - 6*u + 4. What is f(w)?
4
Suppose 5*l + 4*k = 3 - 6, 4*l + 5*k = 3. Let o(i) = i**3 + 3*i**2 + 4*i + 7. Calculate o(l).
-5
Suppose -3*g + 49 = 58. Let a(w) = -w**3 - 4*w**2 - 4*w - 4. Calculate a(g).
-1
Let m = -26 - -38. Let o be (49/(-28))/((-1)/m). Let y(l) = -o*l - 2*l**2 + 17*l + l**2 + 1. What is y(-4)?
1
Let z(i) be the second derivative of -i**6/720 - i**5/40 - i**4/3 - 10*i. Let f(l) be the third derivative of z(l). What is f(-6)?
3
Let i(h) = h**3 - 2*h**2 - h - 5. Let n(r) = -r**3 + 2*r**2 + 2*r + 4. Let w(k) = -2*i(k) - 3*n(k). Give w(4).
14
Let f(l) = l**2 + 6*l - 7. Let s be f(-5). Let v(a) = -12*a - 13*a**2 + 5*a**2 - 3 + 7*a**2. Let n be v(s). Let z(c) = -c + 2. Give z(n).
5
Let h(c) = c**3 + 4*c**2 + 2*c. Suppose -33 = 4*y + 15. Let s be 28/y + 4/12. Give h(s).
4
Let d(n) be the second derivative of 0 + 11/2*n**2 + 5*n + 1/6*n**3. Give d(-6).
5
Let o(b) = -5*b**2 - b. Let f(r) = r**3 + r**2 - r. Let s = -2 + 9. Let d = s + -6. Let g be f(d). Give o(g).
-6
Let t(k) = 2*k - 8 + 51 + k - 4*k - 2*k. Calculate t(11).
10
Suppose -b + 54 = -2*s, 5*b - 85 = 3*s + 192. Let q be (-4)/(-6) - b/12. Let r(n) = n**2 + 2*n - 7. Let t(j) = 1. Let v(f) = -r(f) - 6*t(f). Give v(q).
-7
Let r(t) = 9*t - 131. Let c be r(15). Let j(s) = 2*s**2 - 6*s + 1. What is j(c)?
9
Suppose 4 = -5*d + 7*d. Let f = -4 - -8. Let r(u) = -5*u**d - 3 - u + 0*u**3 - 5*u**3 + f*u**3. What is r(-4)?
-15
Let s be (270/(-40))/(1/(-24)). Suppose -4*z = 4*v - 58 + s, -2*z = -v - 41. Let q = 25 + v. Let p(o) = o**3 + 5*o**2 - 5*o + 4. Calculate p(q).
-2
Let d(x) = -x - 5. Let o(h) = -7*h - 7. Let z(s) = -6*d(s) + o(s). Determine z(0).
23
Let o(t) be the first derivative of -t**4/24 + t**3/2 + t**2 - 30*t - 18. Let u(w) be the second derivative of o(w). Let z(r) = r. Let d be z(0). Give u(d).
3
Let w = 967/6 + -161. Let u(a) be the second derivative of 0 - w*a**3 + a + 0*a**2 + 1/6*a**4. Determine u(-1).
3
Let o be (-3)/(-8) - 42/(-16). Suppose -16 = -4*h - 3*b, 0 = -5*h + 3*h - o*b + 14. Let f be (0/(3 + h))/2. Let v(g) = g**3 + g**2 - g - 15. Calculate v(f).
-15
Suppose -8*h = -3*h + 15. Let v(z) = 0*z - 48*z**2 + 4*z + 45*z**2 - 1. Let d(m) = -7*m**2 + 8*m - 3. Let n(k) = 4*d(k) - 9*v(k). Give n(h).
0
Let w(o) = -8*o**3 + 12*o**2 + 12*o - 5. Let z(l) = -3*l**3 + 4*l**2 + 4*l - 2. Let a(p) = -4*w(p) + 11*z(p). Determine a(-3).
1
Suppose a - w - 8 = -4*w, -2*a + 3*w + 16 = 0. Let b(j) be the third derivative of j**6/120 - 2*j**5/15 - 5*j**3/6 - 3*j**2. Calculate b(a).
-5
Let q(d) = d**3 + 6*d**2 + d + 1. Let a(u) = u**3 + 11*u**2 - u - 12. Let w be a(-11). Let j = 9 + w. Suppose 0 = 2*v + j, -b = -5*b + 2*v - 16. Give q(b).
-5
Suppose 8 = -3*i + i. Let k(y) be the third derivative of -y**6/360 - y**5/30 + y**3 - y**2. Let m(a) be the first derivative of k(a). Determine m(i).
0
Let c(m) = 26*m + 69. Let j(y) = -18*y - 50. Let l(a) = -5*c(a) - 7*j(a). What is l(-1)?
9
Let x(o) = -2*o + 10. Let m = 300 - 295. Calculate x(m).
0
Let w(l) = -3*l - 22. Let b be 35/(-14)*18/5. Give w(b).
5
Let p(v) = v**3 - 3*v**2 - 7*v + 6. Suppose 0 = 3*k + y - 46, 4*y = 4*k - 2*k - 40. Suppose -52*t = -56*t + k. Give p(t).
-6
Let d be ((-8)/6)/(1*2/9). Let n be 30/(-8) + d/(-8) + 0. Let m(i) = 2*i + 1. Calculate m(n).
-5
Let l(o) be the third derivative of -o**5/60 + o**4/24 - o**3/2 + 113*o**2. Suppose 3*n - 2*t + 2 = n, -t = -1. What is l(n)?
-3
Let t(j) = -2*j - 12. Suppose 3 = -4*l + 3*s, -5*l - s - 16 = 2. Give t(l).
-6
Suppose -3*h - 2*l + 3 = -1, -4*l = -4*h + 32. Suppose -20 = h*x - 5*q, -2*x - q + 5 - 1 = 0. Let r be (3 + (-4 - 0))*x. Let i(o) = -o**3 + o**2 + 6. Give i(r).
6
Let d = -1215 + 1206. Let g(y) = y**2 + 11*y + 9. Determine g(d).
-9
Let y(g) be the third derivative of 0 - 24*g**2 + 1/60*g**5 - 1/24*g**4 + 0*g + 0*g**3. Determine y(3).
6
Suppose -3*l + 6*l = 0. Let v(t) = 354 - 6*t + 23*t - 8*t - 8*t - 355 - t**2. Determine v(l).
-1
Let m(a) = 8 + a**3 + 1732*a**2 - 2*a**3 - 1727*a**2 - 3 - 4*a. What is m(4)?
5
Let s(h) = h - 4. Let p(a) be the third derivative of a**4/12 + 25*a**3/6 - 8*a**2 + 2. Let o be p(-8). Give s(o).
5
Let v be 1*-1*(-2)/2. Let d be v/(-6)*-3*-6. Let r = d - -1. Let h(o) = -o - 2. What is h(r)?
0
Let n(m) = -19*m - 15. Let t(r) = 7*r + 5. Let p(j) = 3*n(j) + 8*t(j). Give p(0).
-5
Suppose 4*j + 24 = 4*g, -4*j - 3*g + 5 = 1. Suppose 4*l = 2*n, n - 4 = 4*l - 6. Let o(p) = 4 + 13*p**2 - 2 + 2*p - 13*p**n + p**3. What is o(j)?
-10
Let g(u) = -u**2 + 15*u - 3. Let m(p) = 3*p**2 - 42*p + 8. Let j(f) = -11*g(f) - 4*m(f). Calculate j(3).
1
Suppose -4*x = x - 20. Let r(b) = -4 + 0 + x + 4*b. Let d be -1 - -12 - (88 + -80). What is r(d)?
12
Let h(p) = 2*p**2 + p + 3. Suppose -3*l = 3*k - 9, l + 12 = -15*k + 17*k. Give h(l).
9
Let d be (9/15)/((-2)/(-10)). Suppose -i - d = 2. Let g(t) = 3*t + 1. Let l(s) = -s. Let n(v) = g(v) + 4*l(v). What is n(i)?
6
Let v(w) = 4*w - 3. Let i be 1 + 3 + 0 - -64. Let j = i - 64. Determine v(j).
13
Suppose -31*p + 39 = 8.